 are the prime factors of 292845?
3, 5, 7, 2789
List the prime factors of 83890.
2, 5, 8389
What are the prime factors of 1923840?
2, 3, 5, 167
List the prime factors of 3788364.
2, 3, 315697
What are the prime factors of 2842408?
2, 67, 5303
What are the prime factors of 50?
2, 5
What are the prime factors of 2910563?
907, 3209
What are the prime factors of 7490435?
5, 311, 4817
List the prime factors of 14587229.
421, 34649
List the prime factors of 236093.
11, 13, 127
What are the prime factors of 14793441?
3, 13, 379319
What are the prime factors of 634513?
11, 37, 1559
List the prime factors of 53266.
2, 26633
What are the prime factors of 125624?
2, 41, 383
What are the prime factors of 8757049?
7, 37, 33811
List the prime factors of 402975.
3, 5, 199
List the prime factors of 1213200.
2, 3, 5, 337
What are the prime factors of 728532?
2, 3, 7, 59
What are the prime factors of 277192?
2, 34649
List the prime factors of 27092090.
2, 5, 29, 103, 907
List the prime factors of 194519.
13, 1151
List the prime factors of 6281577.
3, 73, 3187
What are the prime factors of 19711048?
2, 7, 47, 7489
What are the prime factors of 622675?
5, 24907
What are the prime factors of 548997?
3, 182999
List the prime factors of 1492830.
2, 3, 5, 19, 97
List the prime factors of 1143873.
3, 149, 853
What are the prime factors of 574546?
2, 7, 41039
List the prime factors of 19013022.
2, 3, 7, 179, 281
List the prime factors of 424075.
5, 16963
What are the prime factors of 17489631?
3, 487, 11971
List the prime factors of 1142124.
2, 3, 95177
List the prime factors of 692817.
3, 230939
What are the prime factors of 31114389?
3, 1049, 9887
What are the prime factors of 4859277?
3, 1619759
What are the prime factors of 36579696?
2, 3, 269, 2833
List the prime factors of 201368.
2, 25171
List the prime factors of 3245126.
2, 71, 22853
What are the prime factors of 290007?
3, 23, 467
List the prime factors of 25749814.
2, 97, 331, 401
List the prime factors of 562894.
2, 19, 14813
What are the prime factors of 3844082?
2, 11, 23, 71, 107
List the prime factors of 235593.
3, 26177
List the prime factors of 1604079.
3, 178231
What are the prime factors of 3244024?
2, 7, 53, 1093
List the prime factors of 329285.
5, 11, 5987
List the prime factors of 4628897.
7, 13, 50867
What are the prime factors of 1132370?
2, 5, 17, 6661
What are the prime factors of 26102185?
5, 617, 8461
List the prime factors of 22638177.
3, 19, 44129
List the prime factors of 5118976.
2, 4999
List the prime factors of 45305.
5, 13, 17, 41
What are the prime factors of 477741?
3, 11, 31, 467
What are the prime factors of 227702?
2, 257, 443
What are the prime factors of 95121?
3, 13, 271
What are the prime factors of 933650?
2, 5, 71, 263
What are the prime factors of 204894?
2, 3, 11383
What are the prime factors of 4410436?
2, 29, 193, 197
What are the prime factors of 18468654?
2, 3, 3078109
What are the prime factors of 2825005?
5, 251, 2251
What are the prime factors of 228382?
2, 7, 11, 1483
What are the prime factors of 520217?
17, 71, 431
What are the prime factors of 9766644?
2, 3, 311, 2617
List the prime factors of 10647446.
2, 31, 171733
List the prime factors of 1013905.
5, 199, 1019
What are the prime factors of 1052436?
2, 3, 7, 11, 17, 67
What are the prime factors of 1080572?
2, 270143
List the prime factors of 346523.
197, 1759
What are the prime factors of 154776?
2, 3, 6449
What are the prime factors of 3419589?
3, 1139863
List the prime factors of 629245.
5, 317, 397
What are the prime factors of 261844?
2, 11, 541
List the prime factors of 19099.
71, 269
What are the prime factors of 21254304?
2, 3, 221399
List the prime factors of 4551847.
4551847
What are the prime factors of 2789005?
5, 557801
List the prime factors of 14766829.
7, 11, 17, 29, 389
List the prime factors of 136130.
2, 5, 13613
List the prime factors of 201525.
3, 5, 2687
What are the prime factors of 15792?
2, 3, 7, 47
What are the prime factors of 4419542?
2, 23, 29, 3313
List the prime factors of 3194155.
5, 137, 4663
List the prime factors of 4663565.
5, 43, 109, 199
What are the prime factors of 2555703?
3, 59, 4813
What are the prime factors of 314934?
2, 3, 52489
What are the prime factors of 1472877?
3, 7, 7793
List the prime factors of 188837.
11, 17167
List the prime factors of 4649291.
4649291
What are the prime factors of 3422161?
61, 56101
List the prime factors of 4661432.
2, 97, 6007
List the prime factors of 3201040.
2, 5, 40013
List the prime factors of 170381.
67, 2543
What are the prime factors of 3431997?
3, 79, 1609
List the prime factors of 6065614.
2, 113, 26839
What are the prime factors of 248162?
2, 167, 743
What are the prime factors of 5551175?
5, 7, 31721
What are the prime factors of 5153698?
2, 11, 234259
What are the prime factors of 334866?
2, 3, 7, 17, 67
What are the prime factors of 512963?
11, 46633
List the prime factors of 34095.
3, 5, 2273
List the prime factors of 3468509.
11, 43, 7333
What are the prime factors of 14048242?
2, 13, 397, 1361
What are the prime factors of 13484752?
2, 31, 877
List the prime factors of 2967574.
2, 1483787
List the prime factors of 24397895.
5, 181, 26959
List the prime factors of 1326544.
2, 17, 4877
List the prime factors of 369123.
3, 41, 3001
List the prime factors of 11463320.
2, 5, 11, 26053
What are the prime factors of 3563800?
2, 5, 103, 173
List the prime factors of 4775246.
2, 7, 6961
List the prime factors of 3352436.
2, 19, 44111
What are the prime factors of 186394?
2, 13, 67, 107
What are the prime factors of 3922302?
2, 3, 139, 4703
What are the prime factors of 187012?
2, 7, 6679
List the prime factors of 9997171.
2767, 3613
List the prime factors of 8296309.
7, 41, 137, 211
List the prime factors of 703623.
3, 234541
What are the prime factors of 4724428?
2, 521, 2267
What are the prime factors of 9628036?
2, 11, 218819
What are the prime factors of 10772551?
149, 197, 367
List the prime factors of 225860.
2, 5, 23, 491
What are the prime factors of 139310?
2, 5, 13931
What are the prime factors of 355369?
7, 50767
What are the prime factors of 10592?
2, 331
What are the prime factors of 27906?
2, 3, 4651
What are the prime factors of 851369?
67, 97, 131
List the prime factors of 405077.
31, 73, 179
List the prime factors of 1607162.
2, 89, 9029
What are the prime factors of 35234352?
2, 3, 31, 877
What are the prime factors of 13764712?
2, 13, 10181
List the prime factors of 68058.
2, 3, 19, 199
What are the prime factors of 2503161?
3, 37, 7517
What are the prime factors of 180882?
2, 3, 13, 773
List the prime factors of 3474690.
2, 3, 5, 115823
List the prime factors of 1037909.
211, 4919
What are the prime factors of 1793728?
2, 28027
What are the prime factors of 889173?
3, 31, 3187
List the prime factors of 1204596.
2, 3, 33461
What are the prime factors of 190657?
190657
List the prime factors of 4210661.
7, 13, 46271
List the prime factors of 3775444.
2, 41, 23021
List the prime factors of 6241705.
5, 1248341
List the prime factors of 371982.
2, 3, 13, 19, 251
List the prime factors of 4300964.
2, 1075241
What are the prime factors of 6978126?
2, 3, 17, 37, 43
List the prime factors of 757465.
5, 197, 769
List the prime factors of 660642.
2, 3, 103, 1069
List the prime factors of 1360440.
2, 3, 5, 3779
What are the prime factors of 290900?
2, 5, 2909
List the prime factors of 834705.
3, 5, 229
List the prime factors of 179140.
2, 5, 13, 53
List the prime factors of 184460.
2, 5, 23, 401
What are the prime factors of 22129?
22129
What are the prime factors of 207436?
2, 51859
List the prime factors of 1215706.
2, 271, 2243
List the prime factors of 32730852.
2, 3, 7, 11, 35423
List the prime factors of 925314.
2, 3, 13, 11863
List the prime factors of 639236.
2, 13, 19, 647
What are the prime factors of 2846707?
569, 5003
List the prime factors of 1510451.
37, 40823
List the prime factors of 3751833.
3, 1250611
What are the prime factors of 140174?
2, 109, 643
List the prime factors of 19505896.
2, 281, 8677
What are the prime factors of 373635?
3, 5, 19, 23
What are the prime factors of 49142?
2, 24571
What are the prime factors of 3738735?
3, 5, 7, 11, 13, 83
What are the prime factors of 386420?
2, 